remainder when 22695 is divided by 494.
465
What is the remainder when 1274118 is divided by 3390?
2868
Calculate the remainder when 213306902 is divided by 17.
14
Calculate the remainder when 370782 is divided by 370780.
2
Calculate the remainder when 2204211 is divided by 155.
111
Calculate the remainder when 743604 is divided by 49573.
9
What is the remainder when 48363526 is divided by 6214?
6178
Calculate the remainder when 6129876 is divided by 384.
84
Calculate the remainder when 307643054 is divided by 3006.
3002
What is the remainder when 3638 is divided by 3398?
240
Calculate the remainder when 85686 is divided by 42765.
156
What is the remainder when 509722 is divided by 36404?
66
Calculate the remainder when 840399 is divided by 714.
21
What is the remainder when 10426173 is divided by 5213085?
3
Calculate the remainder when 241046001 is divided by 168918.
15
Calculate the remainder when 4391332 is divided by 1481.
167
What is the remainder when 18327135 is divided by 126394?
5
What is the remainder when 80455 is divided by 12851?
3349
What is the remainder when 138226 is divided by 2391?
1939
What is the remainder when 3500168 is divided by 7402?
6424
What is the remainder when 15478307 is divided by 15478285?
22
Calculate the remainder when 8143 is divided by 695.
498
What is the remainder when 1877143 is divided by 2056?
15
What is the remainder when 313899 is divided by 313222?
677
What is the remainder when 83450 is divided by 6954?
2
Calculate the remainder when 817562 is divided by 272302.
656
Calculate the remainder when 2748433 is divided by 24.
1
What is the remainder when 24698 is divided by 564?
446
What is the remainder when 118626550 is divided by 118626550?
0
Calculate the remainder when 133195 is divided by 47.
44
Calculate the remainder when 16525737 is divided by 659.
653
What is the remainder when 15961 is divided by 14157?
1804
What is the remainder when 8444986 is divided by 5589?
7
What is the remainder when 34874310 is divided by 37?
34
What is the remainder when 287953 is divided by 1086?
163
Calculate the remainder when 14197711 is divided by 117.
112
What is the remainder when 96147716 is divided by 91744?
4
What is the remainder when 143733197 is divided by 158471?
0
What is the remainder when 8936376 is divided by 671?
669
Calculate the remainder when 139325021 is divided by 2778.
2765
What is the remainder when 3387844 is divided by 642?
10
Calculate the remainder when 87212 is divided by 2906.
32
What is the remainder when 387010 is divided by 1111?
382
Calculate the remainder when 12249749 is divided by 489981.
224
What is the remainder when 316376 is divided by 105443?
47
Calculate the remainder when 26378 is divided by 2586.
518
Calculate the remainder when 254265 is divided by 6493.
1038
Calculate the remainder when 16046414 is divided by 2541.
2540
What is the remainder when 33835877 is divided by 26?
23
Calculate the remainder when 7181499 is divided by 598458.
3
What is the remainder when 45704055 is divided by 1479?
1476
What is the remainder when 5194686 is divided by 188?
58
What is the remainder when 4701953 is divided by 31?
28
Calculate the remainder when 1821401 is divided by 260188.
85
Calculate the remainder when 3601471 is divided by 659.
36
What is the remainder when 20480932 is divided by 41?
38
What is the remainder when 7367625 is divided by 333?
0
What is the remainder when 299401 is divided by 149328?
745
What is the remainder when 2356121 is divided by 1178057?
7
What is the remainder when 184992300 is divided by 26427469?
17
What is the remainder when 7060794 is divided by 230?
24
Calculate the remainder when 836765 is divided by 136.
93
Calculate the remainder when 2115610 is divided by 3660.
130
What is the remainder when 867093 is divided by 479?
103
Calculate the remainder when 32734466 is divided by 4.
2
What is the remainder when 85079867 is divided by 124?
119
What is the remainder when 401685 is divided by 199253?
3179
What is the remainder when 46812523 is divided by 2034?
13
Calculate the remainder when 4885566 is divided by 418.
400
What is the remainder when 725751 is divided by 36?
27
What is the remainder when 36048 is divided by 35965?
83
Calculate the remainder when 713396075 is divided by 2036.
2035
Calculate the remainder when 1745968 is divided by 2188.
2132
Calculate the remainder when 6853901 is divided by 869.
98
Calculate the remainder when 550026 is divided by 26184.
162
What is the remainder when 1642807517 is divided by 194?
191
Calculate the remainder when 62855542 is divided by 207.
199
Calculate the remainder when 2893386 is divided by 1934.
122
What is the remainder when 261218096 is divided by 2860?
2856
What is the remainder when 3871056 is divided by 276495?
126
Calculate the remainder when 356825 is divided by 406.
357
Calculate the remainder when 18066291 is divided by 2512.
2499
Calculate the remainder when 40596178 is divided by 4059617.
8
What is the remainder when 890585 is divided by 365?
350
What is the remainder when 1310 is divided by 28?
22
Calculate the remainder when 6104213 is divided by 1936.
5
Calculate the remainder when 393130 is divided by 2877.
1858
Calculate the remainder when 411523 is divided by 205756.
11
Calculate the remainder when 3373544 is divided by 1456.
1448
What is the remainder when 35421969 is divided by 11125?
11094
Calculate the remainder when 138147 is divided by 6278.
31
What is the remainder when 24850 is divided by 12327?
196
Calculate the remainder when 5804279 is divided by 161229.
35
Calculate the remainder when 7407554 is divided by 52.
50
Calculate the remainder when 1859969 is divided by 6.
5
Calculate the remainder when 70524658 is divided by 13.
9
Calculate the remainder when 347835 is divided by 365.
355
Calculate the remainder when 64889182 is divided by 32444584.
14
What is the remainder when 4521093 is divided by 81?
78
Calculate the remainder when 30793962 is divided by 647.
644
Calculate the remainder when 1363558 is divided by 194789.
35
Calculate the remainder when 304384 is divided by 11704.
80
What is the remainder when 289526106 is divided by 39?
12
What is the remainder when 786422105 is divided by 2131?
2127
What is the remainder when 8189877 is divided by 431046?
3
Calculate the remainder when 2561265 is divided by 9851.
5
What is the remainder when 67168 is divided by 13162?
1358
What is the remainder when 48449867 is divided by 13?
11
What is the remainder when 14295041 is divided by 2859006?
11
What is the remainder when 87208489 is divided by 59?
58
Calculate the remainder when 85511 is divided by 20938.
1759
What is the remainder when 847603 is divided by 46?
7
Calculate the remainder when 748286 is divided by 9227.
899
What is the remainder when 7694888 is divided by 3847255?
378
Calculate the remainder when 194518 is divided by 97247.
24
Calculate the remainder when 158503 is divided by 2226.
457
What is the remainder when 1319822 is divided by 3567?
32
What is the remainder when 43938915 is divided by 229?
227
What is the remainder when 407773293 is divided by 1764?
1761
What is the remainder when 15077109 is divided by 3015421?
4
What is the remainder when 56510971 is divided by 1614599?
6
What is the remainder when 658705 is divided by 1984?
17
What is the remainder when 1805271 is divided by 120351?
6
What is the remainder when 1694 is divided by 545?
59
What is the remainder when 251149739 is divided by 1256?
1235
What is the remainder when 1221072 is divided by 1221036?
36
Calculate the remainder when 5252447 is divided by 3052.
3007
Calculate the remainder when 17583179 is divided by 17.
11
Calculate the remainder when 123600302 is divided by 16.
14
What is the remainder when 940482 is divided by 690?
12
Calculate the remainder when 1441607 is divided by 1756.
1687
What is the remainder when 231730 is divided by 846?
772
Calculate the remainder when 172222 is divided by 941.
19
Calculate the remainder when 856315 is divided by 1117.
693
What is the remainder when 690104289 is divided by 799?
798
Calculate the remainder when 18120195 is divided by 23811.
24
Calculate the remainder when 159273 is divided by 19839.
561
What is the remainder when 14730900 is divided by